{"id":354,"date":"2020-08-26T16:46:59","date_gmt":"2020-08-26T14:46:59","guid":{"rendered":"https:\/\/if-maroc.org\/agadir\/?page_id=354"},"modified":"2025-09-30T16:12:33","modified_gmt":"2025-09-30T14:12:33","slug":"mediatheques","status":"publish","type":"page","link":"https:\/\/if-maroc.org\/agadir\/mediatheques\/","title":{"rendered":"M\u00e9diath\u00e8que Michel Vieuchange (Agadir)"},"content":{"rendered":"\n<p>La m\u00e9diath\u00e8que Michel Vieuchange de l\u2019Institut fran\u00e7ais d\u2019Agadir r\u00e9pond aux demandes d\u2019un large public d\u2019enfants, d\u2019\u00e9tudiants et d\u2019adultes en proposant une vaste s\u00e9lection de livres et de supports m\u00e9diatiques divers. Les choix sont faits avec le souci de relayer les \u00e9tablissements universitaires et scolaires dans leurs options p\u00e9dagogiques et dans le domaine de la formation.<\/p>\n\n\n\n<p>Elle veut s\u2019affirmer comme un dispositif moderne et attractif pour un large public anim\u00e9 du d\u00e9sir de partager une langue et avide d\u2019un savoir qu\u2019aucun autre dispositif dans la ville ne pourra lui proposer.<\/p>\n\n\n\n<p>Consciente de sa mission, la m\u00e9diath\u00e8que assure non seulement la promotion des savoirs dans de nombreux domaines (litt\u00e9raires, philosophiques, scientifiques, p\u00e9dagogique, artistiques) mais elle r\u00e9pond encore aux attentes de publics cibl\u00e9s comme les apprenants, les professeurs ou les \u00e9tudiants nombreux dans la ville.<br>En assurant le rayonnement de la langue elle se fait un devoir parall\u00e8lement de s\u2019affirmer comme un acteur puissant dans les dispositifs de coop\u00e9ration et d\u2019action culturelle.<\/p>\n","protected":false},"excerpt":{"rendered":"<p>La m\u00e9diath\u00e8que Michel Vieuchange de l\u2019Institut fran\u00e7ais d\u2019Agadir r\u00e9pond aux demandes d\u2019un large public d\u2019enfants, d\u2019\u00e9tudiants et d\u2019adultes en proposant une vaste s\u00e9lection de livres et de supports m\u00e9diatiques divers. Les choix sont faits avec le souci de relayer les \u00e9tablissements universitaires et scolaires dans leurs options p\u00e9dagogiques et dans le domaine de la formation. [&hellip;]<\/p>\n","protected":false},"author":1,"featured_media":1072,"parent":0,"menu_order":0,"comment_status":"closed","ping_status":"closed","template":"page-templates\/page-medialibrary.php","meta":{"_acf_changed":false,"footnotes":""},"class_list":["post-354","page","type-page","status-publish","has-post-thumbnail","hentry"],"acf":[],"_links":{"self":[{"href":"https:\/\/if-maroc.org\/agadir\/wp-json\/wp\/v2\/pages\/354","targetHints":{"allow":["GET"]}}],"collection":[{"href":"https:\/\/if-maroc.org\/agadir\/wp-json\/wp\/v2\/pages"}],"about":[{"href":"https:\/\/if-maroc.org\/agadir\/wp-json\/wp\/v2\/types\/page"}],"author":[{"embeddable":true,"href":"https:\/\/if-maroc.org\/agadir\/wp-json\/wp\/v2\/users\/1"}],"replies":[{"embeddable":true,"href":"https:\/\/if-maroc.org\/agadir\/wp-json\/wp\/v2\/comments?post=354"}],"version-history":[{"count":96,"href":"https:\/\/if-maroc.org\/agadir\/wp-json\/wp\/v2\/pages\/354\/revisions"}],"predecessor-version":[{"id":4922,"href":"https:\/\/if-maroc.org\/agadir\/wp-json\/wp\/v2\/pages\/354\/revisions\/4922"}],"wp:featuredmedia":[{"embeddable":true,"href":"https:\/\/if-maroc.org\/agadir\/wp-json\/wp\/v2\/media\/1072"}],"wp:attachment":[{"href":"https:\/\/if-maroc.org\/agadir\/wp-json\/wp\/v2\/media?parent=354"}],"curies":[{"name":"wp","href":"https:\/\/api.w.org\/{rel}","templated":true}]}}