{"id":7890,"date":"2025-09-25T17:18:21","date_gmt":"2025-09-25T15:18:21","guid":{"rendered":"https:\/\/if-maroc.org\/casablanca\/?page_id=7890"},"modified":"2025-09-25T17:18:42","modified_gmt":"2025-09-25T15:18:42","slug":"detail-evenement","status":"publish","type":"page","link":"https:\/\/if-maroc.org\/casablanca\/detail-evenement\/","title":{"rendered":"D\u00e9tail de l&rsquo;\u00e9v\u00e9nement"},"content":{"rendered":"<div class='kiosque-aec'><div\n data-module='events'\n data-action='event-view'\n data-param-event-id=''\n data-param-lang='fr_FR'><\/div><\/div>\n\n\n\n<p><\/p>\n","protected":false},"excerpt":{"rendered":"","protected":false},"author":80,"featured_media":0,"parent":0,"menu_order":0,"comment_status":"closed","ping_status":"closed","template":"page-templates\/page-webapp.php","meta":{"_acf_changed":false,"footnotes":""},"class_list":["post-7890","page","type-page","status-publish","hentry"],"acf":[],"_links":{"self":[{"href":"https:\/\/if-maroc.org\/casablanca\/wp-json\/wp\/v2\/pages\/7890","targetHints":{"allow":["GET"]}}],"collection":[{"href":"https:\/\/if-maroc.org\/casablanca\/wp-json\/wp\/v2\/pages"}],"about":[{"href":"https:\/\/if-maroc.org\/casablanca\/wp-json\/wp\/v2\/types\/page"}],"author":[{"embeddable":true,"href":"https:\/\/if-maroc.org\/casablanca\/wp-json\/wp\/v2\/users\/80"}],"replies":[{"embeddable":true,"href":"https:\/\/if-maroc.org\/casablanca\/wp-json\/wp\/v2\/comments?post=7890"}],"version-history":[{"count":2,"href":"https:\/\/if-maroc.org\/casablanca\/wp-json\/wp\/v2\/pages\/7890\/revisions"}],"predecessor-version":[{"id":7892,"href":"https:\/\/if-maroc.org\/casablanca\/wp-json\/wp\/v2\/pages\/7890\/revisions\/7892"}],"wp:attachment":[{"href":"https:\/\/if-maroc.org\/casablanca\/wp-json\/wp\/v2\/media?parent=7890"}],"curies":[{"name":"wp","href":"https:\/\/api.w.org\/{rel}","templated":true}]}}

Détail de l&rsquo;événement
