{"id":4331,"date":"2025-10-02T20:07:57","date_gmt":"2025-10-02T18:07:57","guid":{"rendered":"https:\/\/if-maroc.org\/kenitra\/offres-passjeunes-adhesions\/"},"modified":"2025-10-02T20:18:49","modified_gmt":"2025-10-02T18:18:49","slug":"offres-passjeunes-adhesions","status":"publish","type":"page","link":"https:\/\/if-maroc.org\/kenitra\/offres-passjeunes-adhesions\/","title":{"rendered":"Offres PassJeunes &#8211; Adh\u00e9sions"},"content":{"rendered":"\n<div style=\"padding: 0 16px\">\n<div style=\"max-width:800px;margin:50px auto;padding:24px;text-align:center;font-family:Arial, sans-serif;border:1px solid #ddd;border-radius:8px;background:#f9f9f9\">\n  <h2 style=\"color:#0076a6;margin-bottom:20px\">Un peu de patience\u2026<\/h2>\n  <p style=\"font-size:16px;color:#555;line-height:1.6;margin:0\">\n    L\u2019offre <strong>Pass Jeunes<\/strong> de l\u2019Institut fran\u00e7ais du Maroc concernant l\u2019adh\u00e9sion \u00e0 ses m\u00e9diath\u00e8ques<br>\n    sera disponible \u00e0 partir de <strong>janvier 2026<\/strong>.\n  <\/p>\n<\/div>\n<\/div>\n\n\n\n<p><\/p>\n","protected":false},"excerpt":{"rendered":"<p>Un peu de patience\u2026 L\u2019offre Pass Jeunes de l\u2019Institut fran\u00e7ais du Maroc concernant l\u2019adh\u00e9sion \u00e0 ses m\u00e9diath\u00e8ques sera disponible \u00e0 partir de janvier 2026.<\/p>\n","protected":false},"author":80,"featured_media":0,"parent":0,"menu_order":0,"comment_status":"closed","ping_status":"closed","template":"page-templates\/page-webapp.php","meta":{"_acf_changed":false,"footnotes":""},"class_list":["post-4331","page","type-page","status-publish","hentry"],"acf":[],"_links":{"self":[{"href":"https:\/\/if-maroc.org\/kenitra\/wp-json\/wp\/v2\/pages\/4331","targetHints":{"allow":["GET"]}}],"collection":[{"href":"https:\/\/if-maroc.org\/kenitra\/wp-json\/wp\/v2\/pages"}],"about":[{"href":"https:\/\/if-maroc.org\/kenitra\/wp-json\/wp\/v2\/types\/page"}],"author":[{"embeddable":true,"href":"https:\/\/if-maroc.org\/kenitra\/wp-json\/wp\/v2\/users\/80"}],"replies":[{"embeddable":true,"href":"https:\/\/if-maroc.org\/kenitra\/wp-json\/wp\/v2\/comments?post=4331"}],"version-history":[{"count":1,"href":"https:\/\/if-maroc.org\/kenitra\/wp-json\/wp\/v2\/pages\/4331\/revisions"}],"predecessor-version":[{"id":4340,"href":"https:\/\/if-maroc.org\/kenitra\/wp-json\/wp\/v2\/pages\/4331\/revisions\/4340"}],"wp:attachment":[{"href":"https:\/\/if-maroc.org\/kenitra\/wp-json\/wp\/v2\/media?parent=4331"}],"curies":[{"name":"wp","href":"https:\/\/api.w.org\/{rel}","templated":true}]}}

Offres PassJeunes &#8211; Adhésions

<div style="padding: 0 16px">
<div style="max-width:800px;margin:50px auto;padding:24px;text-align:center;font-family:Arial, sans-serif;border:1px solid #ddd;border-radius:8px;background:#f9f9f9">
  <h2 style="color:#0076a6;margin-bottom:20px">Un peu de patience…</h2>
  <p style="font-size:16px;color:#555;line-height:1.6;margin:0">
    L’offre <strong>Pass Jeunes</strong> de l’Institut français du Maroc concernant l’adhésion à ses médiathèques<br>
    sera disponible à partir de <strong>janvier 2026</strong>.
  </p>
</div>
</div>



<p></p>

<p>Un peu de patience… L’offre Pass Jeunes de l’Institut français du Maroc concernant l’adhésion à ses médiathèques sera disponible à partir de janvier 2026.</p>
