{"id":5556,"date":"2026-09-01T12:40:07","date_gmt":"2026-09-01T10:40:07","guid":{"rendered":"https:\/\/if-maroc.org\/marrakech\/projets\/9eme-edition-du-forum-euro-mediterraneen-des-jeunes-leaders-appel-a-candidatures\/"},"modified":"2026-09-01T15:16:26","modified_gmt":"2026-09-01T13:16:26","slug":"9eme-edition-du-forum-euro-mediterraneen-des-jeunes-leaders-appel-a-candidatures","status":"publish","type":"projects","link":"https:\/\/if-maroc.org\/marrakech\/projets\/9eme-edition-du-forum-euro-mediterraneen-des-jeunes-leaders-appel-a-candidatures\/","title":{"rendered":"9\u00e8me \u00e9dition du Forum Euro-m\u00e9diterran\u00e9en des Jeunes Leaders : Appel \u00e0 candidatures"},"content":{"rendered":"","protected":false},"excerpt":{"rendered":"","protected":false},"featured_media":15167,"template":"","meta":{"_acf_changed":true},"projects_category":[397,159],"class_list":["post-5556","projects","type-projects","status-publish","has-post-thumbnail","hentry","projects_category-appel-a-candidature","projects_category-appel-a-projet-associatif"],"acf":[],"_links":{"self":[{"href":"https:\/\/if-maroc.org\/marrakech\/wp-json\/wp\/v2\/projects\/5556","targetHints":{"allow":["GET"]}}],"collection":[{"href":"https:\/\/if-maroc.org\/marrakech\/wp-json\/wp\/v2\/projects"}],"about":[{"href":"https:\/\/if-maroc.org\/marrakech\/wp-json\/wp\/v2\/types\/projects"}],"wp:featuredmedia":[{"embeddable":true,"href":"https:\/\/if-maroc.org\/marrakech\/wp-json\/"}],"wp:attachment":[{"href":"https:\/\/if-maroc.org\/marrakech\/wp-json\/wp\/v2\/media?parent=5556"}],"wp:term":[{"taxonomy":"projects_category","embeddable":true,"href":"https:\/\/if-maroc.org\/marrakech\/wp-json\/wp\/v2\/projects_category?post=5556"}],"curies":[{"name":"wp","href":"https:\/\/api.w.org\/{rel}","templated":true}]}}

9ème édition du Forum Euro-méditerranéen des Jeunes Leaders : Appel à candidatures
