{"id":357,"date":"2020-11-03T15:55:54","date_gmt":"2020-11-03T14:55:54","guid":{"rendered":"https:\/\/if-maroc.org\/meknes\/?page_id=357"},"modified":"2021-09-15T19:09:39","modified_gmt":"2021-09-15T17:09:39","slug":"mentions-legales","status":"publish","type":"page","link":"https:\/\/if-maroc.org\/meknes\/mentions-legales\/","title":{"rendered":"Mentions l\u00e9gales"},"content":{"rendered":"\n<h2 class=\"wp-block-heading\">Cr\u00e9dits<\/h2>\n\n\n\n<p class=\"has-large-font-size\">Design graphique et ergonomie<br><a rel=\"noreferrer noopener\" href=\"https:\/\/www.permeable.org\/\" target=\"_blank\"><strong>Permeable<\/strong><\/a><\/p>\n\n\n\n<p class=\"has-large-font-size\">D\u00e9veloppement<br><a rel=\"noreferrer noopener\" href=\"https:\/\/nindo.ma\/\" target=\"_blank\"><strong>Nindo<\/strong><\/a><\/p>\n\n\n\n<p class=\"has-large-font-size\">Photographies<br>Les photos pr\u00e9sentes sur ce site proviennent de sources diff\u00e9rentes. Par d\u00e9faut, elles appartiennent \u00e0 l&rsquo;Institut fran\u00e7ais du Maroc. Pour toute demande de reproduction&nbsp;: (graphismes, photos et vid\u00e9os <a rel=\"noreferrer noopener\" class=\"rank-math-link\" href=\"https:\/\/if-maroc.org\/wp-admin\/communication@institutfrancais-maroc.com\" target=\"_blank\">nous contacter<\/a>) (NB&nbsp;: bien pr\u00e9ciser le lien de la page concern\u00e9e)<\/p>\n","protected":false},"excerpt":{"rendered":"<p>Cr\u00e9dits Design graphique et ergonomiePermeable D\u00e9veloppementNindo PhotographiesLes photos pr\u00e9sentes sur ce site proviennent de sources diff\u00e9rentes. Par d\u00e9faut, elles appartiennent \u00e0 l&rsquo;Institut fran\u00e7ais du Maroc. Pour toute demande de reproduction&nbsp;: (graphismes, photos et vid\u00e9os nous contacter) (NB&nbsp;: bien pr\u00e9ciser le lien de la page concern\u00e9e)<\/p>\n","protected":false},"author":1,"featured_media":0,"parent":0,"menu_order":0,"comment_status":"closed","ping_status":"closed","template":"","meta":{"_acf_changed":false,"footnotes":""},"class_list":["post-357","page","type-page","status-publish","hentry"],"acf":[],"_links":{"self":[{"href":"https:\/\/if-maroc.org\/meknes\/wp-json\/wp\/v2\/pages\/357","targetHints":{"allow":["GET"]}}],"collection":[{"href":"https:\/\/if-maroc.org\/meknes\/wp-json\/wp\/v2\/pages"}],"about":[{"href":"https:\/\/if-maroc.org\/meknes\/wp-json\/wp\/v2\/types\/page"}],"author":[{"embeddable":true,"href":"https:\/\/if-maroc.org\/meknes\/wp-json\/wp\/v2\/users\/1"}],"replies":[{"embeddable":true,"href":"https:\/\/if-maroc.org\/meknes\/wp-json\/wp\/v2\/comments?post=357"}],"version-history":[{"count":2,"href":"https:\/\/if-maroc.org\/meknes\/wp-json\/wp\/v2\/pages\/357\/revisions"}],"predecessor-version":[{"id":1301,"href":"https:\/\/if-maroc.org\/meknes\/wp-json\/wp\/v2\/pages\/357\/revisions\/1301"}],"wp:attachment":[{"href":"https:\/\/if-maroc.org\/meknes\/wp-json\/wp\/v2\/media?parent=357"}],"curies":[{"name":"wp","href":"https:\/\/api.w.org\/{rel}","templated":true}]}}