{"id":1060,"date":"2021-03-14T15:46:09","date_gmt":"2021-03-14T14:46:09","guid":{"rendered":"https:\/\/if-maroc.org\/tanger\/?page_id=1060"},"modified":"2024-06-14T14:44:40","modified_gmt":"2024-06-14T12:44:40","slug":"galerie-delacroix","status":"publish","type":"page","link":"https:\/\/if-maroc.org\/tanger\/galerie-delacroix\/","title":{"rendered":"Galerie Delacroix"},"content":{"rendered":"\n<p>Unique dans le r\u00e9seau culturel fran\u00e7ais \u00e0 l\u2019\u00e9tranger, la Galerie Delacroix de l\u2019Institut fran\u00e7ais de Tanger est le lieu de la d\u00e9couverte de l\u2019art contemporain au sein de l\u2019Institut fran\u00e7ais du Maroc. Sa mission est triple :<\/p>\n\n\n\n<ul class=\"wp-block-list\"><li>d\u00e9couvrir et promouvoir des talents \u00e9mergents,<\/li><li>contribuer au dialogue des cultures et aux \u00e9changes dans les domaines de l\u2019art et des disciplines de l\u2019esprit,<\/li><li>diffuser les valeurs de la cr\u00e9ation, de l\u2019innovation artistiques et du multiculturalisme dans la soci\u00e9t\u00e9.<\/li><\/ul>\n\n\n\n<p>La galerie Delacroix permet \u00e0 l\u2019Institut fran\u00e7ais de Tanger de mettre en avant de jeunes talents en favorisant la cr\u00e9ation artistique contemporaine. L\u2019institut fran\u00e7ais met \u00e9galement en avant, \u00e0 travers cet \u00e9quipement, des artistes confirm\u00e9s qui marquent ou ont marqu\u00e9 l\u2019histoire de l\u2019art contemporain.&nbsp;Une r\u00e9sidence d\u2019artiste ainsi qu\u2019un atelier est mis \u00e0 disposition de certains artistes accueillis par l\u2019Institut fran\u00e7ais de Tanger. Ces accueils permettent aux artistes de vivre Tanger et de faire en sorte que la ville se d\u00e9veloppe en eux pour nourrir leur r\u00e9flexion et leur travail.<\/p>\n\n\n\n<p>Ce travail de diffusion, d\u2019accueil en r\u00e9sidence, d\u2019accompagnement de la cr\u00e9ation propos\u00e9 par l\u2019Institut fran\u00e7ais au sein de la galerie Delacroix est compl\u00e9t\u00e9 par des d\u00e9bats de haut niveau entre cr\u00e9ateurs et intellectuels contemporains.&nbsp;Au fil des ans l\u2019Institut fran\u00e7ais de Tanger a d\u00e9velopp\u00e9 un important fonds d\u2019\u0153uvres artistiques au sein de la galerie Delacroix. Cet \u00e9ventail de productions artistiques tr\u00e8s vari\u00e9es fait r\u00e9guli\u00e8rement l\u2019objet d\u2019expositions et de pr\u00eats, en r\u00e9sonance avec les tendances majeures de l\u2019art contemporain des artistes marocains et fran\u00e7ais.<\/p>\n\n\n\n<p>Enfin, la galerie Delacroix est un espace diffusion de l\u2019art avec au c\u0153ur de son projet, la question de l\u2019art et des valeurs qui lui sont associ\u00e9es. La galerie ouvre ainsi grand ses portes, \u00e0 des publics de tous \u00e2ges dans des ateliers et des visites guid\u00e9es et elle confie son espace \u00e0 de nombreux partenaires pour des animations p\u00e9dagogiques et \u00e0 finalit\u00e9 sociale.<\/p>\n\n\n\n<h3 class=\"wp-block-heading\">INFORMATIONS PRATIQUES :<\/h3>\n\n\n\n<p>Entr\u00e9e libre, tous les jours sauf le lundi de 10 h 00 \u00e0 13 h 00 et de 14 h 30 \u00e0 19 h 00<br>La galerie offre trois salles d\u2019exposition avec une surface de 150 m2 et 79 m\u00e8tres lin\u00e9aires<\/p>\n\n\n\n<h3 class=\"wp-block-heading\">CONTACT :<\/h3>\n\n\n\n<p>Galerie Delacroix de l\u2019Institut fran\u00e7ais de Tanger<br>86, rue de la Libert\u00e9<br>90000 Tanger<\/p>\n\n\n\n<p>T\u00e9l\u00e9phone :&nbsp;<strong>+ 212 (0) 5 39 93 21 34<\/strong><br>T\u00e9l\u00e9copie :&nbsp;<strong>+ 212 (0) 5 39 33 56 53<\/strong><\/p>\n","protected":false},"excerpt":{"rendered":"<p>Unique dans le r\u00e9seau culturel fran\u00e7ais \u00e0 l\u2019\u00e9tranger, la Galerie Delacroix de l\u2019Institut fran\u00e7ais de Tanger est le lieu de la d\u00e9couverte de l\u2019art contemporain au sein de l\u2019Institut fran\u00e7ais du Maroc. Sa mission est triple : d\u00e9couvrir et promouvoir des talents \u00e9mergents, contribuer au dialogue des cultures et aux \u00e9changes dans les domaines de [&hellip;]<\/p>\n","protected":false},"author":2,"featured_media":1063,"parent":0,"menu_order":0,"comment_status":"closed","ping_status":"closed","template":"page-templates\/page-event-archive.php","meta":{"_acf_changed":false,"footnotes":""},"class_list":["post-1060","page","type-page","status-publish","has-post-thumbnail","hentry"],"acf":[],"_links":{"self":[{"href":"https:\/\/if-maroc.org\/tanger\/wp-json\/wp\/v2\/pages\/1060","targetHints":{"allow":["GET"]}}],"collection":[{"href":"https:\/\/if-maroc.org\/tanger\/wp-json\/wp\/v2\/pages"}],"about":[{"href":"https:\/\/if-maroc.org\/tanger\/wp-json\/wp\/v2\/types\/page"}],"author":[{"embeddable":true,"href":"https:\/\/if-maroc.org\/tanger\/wp-json\/wp\/v2\/users\/2"}],"replies":[{"embeddable":true,"href":"https:\/\/if-maroc.org\/tanger\/wp-json\/wp\/v2\/comments?post=1060"}],"version-history":[{"count":4,"href":"https:\/\/if-maroc.org\/tanger\/wp-json\/wp\/v2\/pages\/1060\/revisions"}],"predecessor-version":[{"id":3328,"href":"https:\/\/if-maroc.org\/tanger\/wp-json\/wp\/v2\/pages\/1060\/revisions\/3328"}],"wp:featuredmedia":[{"embeddable":true,"href":"https:\/\/if-maroc.org\/tanger\/wp-json\/wp\/v2\/media\/1063"}],"wp:attachment":[{"href":"https:\/\/if-maroc.org\/tanger\/wp-json\/wp\/v2\/media?parent=1060"}],"curies":[{"name":"wp","href":"https:\/\/api.w.org\/{rel}","templated":true}]}}