{"id":1539,"date":"2021-04-18T16:28:30","date_gmt":"2021-04-18T14:28:30","guid":{"rendered":"https:\/\/if-maroc.org\/tanger\/?page_id=1539"},"modified":"2021-04-18T16:28:31","modified_gmt":"2021-04-18T14:28:31","slug":"les-conferences-du-soir","status":"publish","type":"page","link":"https:\/\/if-maroc.org\/tanger\/printemps-du-livre\/edition-2017\/les-conferences-du-soir\/","title":{"rendered":"LES CONF\u00c9RENCES DU SOIR"},"content":{"rendered":"\n<p>Des conf\u00e9rences dialogu\u00e9es, programm\u00e9es en soir\u00e9e, rythmeront le salon.&nbsp;&nbsp;<a href=\"https:\/\/ancien.if-maroc.org\/tanger\/intervenant\/tahar-ben-jelloun\/\"><strong>Tahar Ben Jelloun<\/strong><\/a>&nbsp;<em>(Prix Goncourt 1987)<\/em>,&nbsp;&nbsp;<a href=\"https:\/\/ancien.if-maroc.org\/tanger\/intervenant\/marcus-malte\/\"><strong>Marcus Malte<\/strong><\/a><em>&nbsp;(Prix Femina 2016)<\/em>,&nbsp;&nbsp;<a href=\"https:\/\/ancien.if-maroc.org\/tanger\/intervenant\/david-foenkinos\/\"><strong>David Foenkinos<\/strong><\/a>&nbsp;<em>(Prix Renaudot & Prix Goncourt des Lyc\u00e9ens 2014),&nbsp;<\/em><a href=\"https:\/\/ancien.if-maroc.org\/tanger\/intervenant\/jean-birnbaum\/\"><strong>Jean Birnbaum<\/strong><\/a>&nbsp;et&nbsp;&nbsp;<a href=\"https:\/\/ancien.if-maroc.org\/tanger\/intervenant\/abdellah-taia\/\"><strong>Abdellah Ta\u00efa<\/strong><\/a>&nbsp;<em>(Prix de Flore 2010)<\/em>&nbsp;seront au rendez-vous de ces temps forts o\u00f9 la litt\u00e9rature sera, plus que jamais, mise \u00e0 l\u2019honneur.<\/p>\n\n\n\n<h3 class=\"wp-block-heading\">JEUDI 4 MAI<\/h3>\n\n\n\n<p><strong>19h00-20h30<\/strong>&nbsp;:<strong>&nbsp;Conf\u00e9rence dialogu\u00e9e avec&nbsp;&nbsp;<a href=\"https:\/\/ancien.if-maroc.org\/tanger\/intervenant\/tahar-ben-jelloun\/\">Tahar Ben Jelloun<\/a>&nbsp;et&nbsp;&nbsp;<a href=\"https:\/\/ancien.if-maroc.org\/tanger\/intervenant\/jean-birnbaum\/\">Jean Birnbaum<\/a><\/strong><\/p>\n\n\n\n<p><em>Mod\u00e9ration :\u00a0\u00a0<a class=\"rank-math-link\" href=\"https:\/\/ancien.if-maroc.org\/tanger\/intervenant\/melanie-frerichs-cigli\/\">Melanie Frerichs-Cigli<\/a><\/em><\/p>\n\n\n\n<h3 class=\"wp-block-heading\">VENDREDI 5 MAI<\/h3>\n\n\n\n<p><strong>19h00-20h30<\/strong>\u00a0:\u00a0<strong>Conf\u00e9rence dialogu\u00e9e avec\u00a0\u00a0<a class=\"rank-math-link\" href=\"https:\/\/ancien.if-maroc.org\/tanger\/intervenant\/abdellah-taia\/\">Abdellah Ta\u00efa<\/a>\u00a0et de jeunes Tang\u00e9rois<\/strong><\/p>\n\n\n\n<p><em>Pr\u00e9sentation<\/em>&nbsp;:&nbsp;<em>Simon-Pierre Hamelin<\/em><\/p>\n\n\n\n<h3 class=\"wp-block-heading\">SAMEDI 6 MAI<\/h3>\n\n\n\n<p><strong>19h00-20h30\u00a0<\/strong>:<strong>\u00a0Conf\u00e9rence dialogu\u00e9e avec\u00a0\u00a0<a class=\"rank-math-link\" href=\"https:\/\/ancien.if-maroc.org\/tanger\/intervenant\/marcus-malte\/\">Marcus Malte<\/a>\u00a0et\u00a0\u00a0<a class=\"rank-math-link\" href=\"https:\/\/ancien.if-maroc.org\/tanger\/intervenant\/david-foenkinos\/\">David Foenkinos<\/a><\/strong><\/p>\n\n\n\n<p><em>Mod\u00e9ration&nbsp;:&nbsp;&nbsp;<a href=\"https:\/\/ancien.if-maroc.org\/tanger\/intervenant\/adil-hajji\/\">Adil Hajji<\/a><\/em><\/p>\n\n\n\n<p><em>Pour consulter la brochure du Salon,\u00a0<a class=\"rank-math-link\" href=\"https:\/\/ancien.if-maroc.org\/tanger\/wp-content\/uploads\/sites\/3\/2017\/02\/PROGRAMME-SITLA-2017-BD.pdf\">cliquez ici<\/a><\/em><\/p>\n","protected":false},"excerpt":{"rendered":"<p>Des conf\u00e9rences dialogu\u00e9es, programm\u00e9es en soir\u00e9e, rythmeront le salon.&nbsp;&nbsp;Tahar Ben Jelloun&nbsp;(Prix Goncourt 1987),&nbsp;&nbsp;Marcus Malte&nbsp;(Prix Femina 2016),&nbsp;&nbsp;David Foenkinos&nbsp;(Prix Renaudot &#038; Prix Goncourt des Lyc\u00e9ens 2014),&nbsp;Jean Birnbaum&nbsp;et&nbsp;&nbsp;Abdellah Ta\u00efa&nbsp;(Prix de Flore 2010)&nbsp;seront au rendez-vous de ces temps forts o\u00f9 la litt\u00e9rature sera, plus que jamais, mise \u00e0 l\u2019honneur. JEUDI 4 MAI 19h00-20h30&nbsp;:&nbsp;Conf\u00e9rence dialogu\u00e9e avec&nbsp;&nbsp;Tahar Ben Jelloun&nbsp;et&nbsp;&nbsp;Jean Birnbaum Mod\u00e9ration [&hellip;]<\/p>\n","protected":false},"author":2,"featured_media":1540,"parent":1531,"menu_order":0,"comment_status":"closed","ping_status":"closed","template":"","meta":{"_acf_changed":false,"footnotes":""},"class_list":["post-1539","page","type-page","status-publish","has-post-thumbnail","hentry"],"acf":[],"_links":{"self":[{"href":"https:\/\/if-maroc.org\/tanger\/wp-json\/wp\/v2\/pages\/1539","targetHints":{"allow":["GET"]}}],"collection":[{"href":"https:\/\/if-maroc.org\/tanger\/wp-json\/wp\/v2\/pages"}],"about":[{"href":"https:\/\/if-maroc.org\/tanger\/wp-json\/wp\/v2\/types\/page"}],"author":[{"embeddable":true,"href":"https:\/\/if-maroc.org\/tanger\/wp-json\/wp\/v2\/users\/2"}],"replies":[{"embeddable":true,"href":"https:\/\/if-maroc.org\/tanger\/wp-json\/wp\/v2\/comments?post=1539"}],"version-history":[{"count":1,"href":"https:\/\/if-maroc.org\/tanger\/wp-json\/wp\/v2\/pages\/1539\/revisions"}],"predecessor-version":[{"id":1542,"href":"https:\/\/if-maroc.org\/tanger\/wp-json\/wp\/v2\/pages\/1539\/revisions\/1542"}],"up":[{"embeddable":true,"href":"https:\/\/if-maroc.org\/tanger\/wp-json\/wp\/v2\/pages\/1531"}],"wp:featuredmedia":[{"embeddable":true,"href":"https:\/\/if-maroc.org\/tanger\/wp-json\/wp\/v2\/media\/1540"}],"wp:attachment":[{"href":"https:\/\/if-maroc.org\/tanger\/wp-json\/wp\/v2\/media?parent=1539"}],"curies":[{"name":"wp","href":"https:\/\/api.w.org\/{rel}","templated":true}]}}