{"id":1686,"date":"2021-04-18T17:19:39","date_gmt":"2021-04-18T15:19:39","guid":{"rendered":"https:\/\/if-maroc.org\/tanger\/?page_id=1686"},"modified":"2021-04-18T17:19:40","modified_gmt":"2021-04-18T15:19:40","slug":"marek-halter-femmes-de-lislam","status":"publish","type":"page","link":"https:\/\/if-maroc.org\/tanger\/printemps-du-livre\/edition-2015\/temps-forts\/marek-halter-femmes-de-lislam\/","title":{"rendered":"MAREK HALTER \u00ab FEMMES DE L\u2019ISLAM \u00bb"},"content":{"rendered":"\n<p><em>Conf\u00e9rence<\/em><\/p>\n\n\n\n<p><strong>Marek Halter<\/strong>&nbsp;est n\u00e9 en 1936 \u00e0 Varsovie. Fils d\u2019un imprimeur, descendant d\u2019une longue lign\u00e9e d\u2019imprimeurs juifs, et d\u2019une po\u00e9tesse yiddish. \u00c0 cinq ans, il fuit avec ses parents la Pologne occup\u00e9e par les nazis et gagne Moscou, avant de se r\u00e9fugier en Ouzb\u00e9kistan. Il arrive en France en 1950. Peintre, puis \u00e9crivain, il est de tous les combats pour les Droits de l\u2019Homme.<br>Son premier livre Le Fou et les rois (Prix Aujourd\u2019hui, 1976) est consacr\u00e9 \u00e0 la paix au Proche-Orient. Marek Halter publie chez Robert Laffont une vingtaine d\u2019ouvrages parmi lesquels La M\u00e9moire d\u2019Abraham (Prix du Livre Inter, 1983 et best-seller mondial), suivi des Femmes de la Bible (2003-2005), Marie (2006), La Reine de Saba (2008).Il r\u00e9alise plusieurs films documentaires dont Les Justes (1994) rendant hommage \u00e0 tous ceux qui, pendant la Deuxi\u00e8me Guerre mondiale, ont sauv\u00e9 des Juifs.<\/p>\n\n\n\n<p><strong>Marek Halter<\/strong>&nbsp;viendra pr\u00e9senter au Maroc sa trilogie consacr\u00e9e aux Femmes de l\u2019islam dont les deux premiers volets, Khadija, l\u2019\u00c9pouse de Mahomet et Fatima, la Fille du Proph\u00e8te sont parus aux \u00e9ditions Robert Laffont.<\/p>\n\n\n\n<pre class=\"wp-block-preformatted\"><strong>Vendredi 8 mai    19h00    Palais des Institutions Italiennes<\/strong><\/pre>\n\n\n\n<p><a href=\"http:\/\/www.if-maroc.org\/tanger\/spip.php?page=article_pdf&id_article=556\">Article au format PDF<\/a><\/p>\n","protected":false},"excerpt":{"rendered":"<p>Conf\u00e9rence Marek Halter&nbsp;est n\u00e9 en 1936 \u00e0 Varsovie. Fils d\u2019un imprimeur, descendant d\u2019une longue lign\u00e9e d\u2019imprimeurs juifs, et d\u2019une po\u00e9tesse yiddish. \u00c0 cinq ans, il fuit avec ses parents la Pologne occup\u00e9e par les nazis et gagne Moscou, avant de se r\u00e9fugier en Ouzb\u00e9kistan. Il arrive en France en 1950. Peintre, puis \u00e9crivain, il est [&hellip;]<\/p>\n","protected":false},"author":2,"featured_media":1687,"parent":1676,"menu_order":0,"comment_status":"closed","ping_status":"closed","template":"page-templates\/page-event-archive-side-image.php","meta":{"_acf_changed":false,"footnotes":""},"class_list":["post-1686","page","type-page","status-publish","has-post-thumbnail","hentry"],"acf":[],"_links":{"self":[{"href":"https:\/\/if-maroc.org\/tanger\/wp-json\/wp\/v2\/pages\/1686","targetHints":{"allow":["GET"]}}],"collection":[{"href":"https:\/\/if-maroc.org\/tanger\/wp-json\/wp\/v2\/pages"}],"about":[{"href":"https:\/\/if-maroc.org\/tanger\/wp-json\/wp\/v2\/types\/page"}],"author":[{"embeddable":true,"href":"https:\/\/if-maroc.org\/tanger\/wp-json\/wp\/v2\/users\/2"}],"replies":[{"embeddable":true,"href":"https:\/\/if-maroc.org\/tanger\/wp-json\/wp\/v2\/comments?post=1686"}],"version-history":[{"count":1,"href":"https:\/\/if-maroc.org\/tanger\/wp-json\/wp\/v2\/pages\/1686\/revisions"}],"predecessor-version":[{"id":1689,"href":"https:\/\/if-maroc.org\/tanger\/wp-json\/wp\/v2\/pages\/1686\/revisions\/1689"}],"up":[{"embeddable":true,"href":"https:\/\/if-maroc.org\/tanger\/wp-json\/wp\/v2\/pages\/1676"}],"wp:featuredmedia":[{"embeddable":true,"href":"https:\/\/if-maroc.org\/tanger\/wp-json\/wp\/v2\/media\/1687"}],"wp:attachment":[{"href":"https:\/\/if-maroc.org\/tanger\/wp-json\/wp\/v2\/media?parent=1686"}],"curies":[{"name":"wp","href":"https:\/\/api.w.org\/{rel}","templated":true}]}}