{"id":2497,"date":"2021-10-26T17:34:29","date_gmt":"2021-10-26T15:34:29","guid":{"rendered":"https:\/\/if-maroc.org\/tanger\/?page_id=2497"},"modified":"2021-10-28T18:04:43","modified_gmt":"2021-10-28T16:04:43","slug":"vaillant-benoit","status":"publish","type":"page","link":"https:\/\/if-maroc.org\/tanger\/vaillant-benoit\/","title":{"rendered":"Vaillant BENOIT"},"content":{"rendered":"\n<div class=\"wp-block-media-text alignwide is-stacked-on-mobile\"><figure class=\"wp-block-media-text__media\"><img loading=\"lazy\" decoding=\"async\" width=\"300\" height=\"300\" src=\"https:\/\/if-maroc.org\/tanger\/wp-content\/uploads\/sites\/12\/2021\/10\/Invite-13-Nov-05-300x300.jpg\" alt=\"\" class=\"wp-image-2581 size-medium\" srcset=\"https:\/\/if-maroc.org\/tanger\/wp-content\/uploads\/sites\/12\/2021\/10\/Invite-13-Nov-05-300x300.jpg 300w, https:\/\/if-maroc.org\/tanger\/wp-content\/uploads\/sites\/12\/2021\/10\/Invite-13-Nov-05-150x150.jpg 150w, https:\/\/if-maroc.org\/tanger\/wp-content\/uploads\/sites\/12\/2021\/10\/Invite-13-Nov-05-768x768.jpg 768w, https:\/\/if-maroc.org\/tanger\/wp-content\/uploads\/sites\/12\/2021\/10\/Invite-13-Nov-05.jpg 886w\" sizes=\"auto, (max-width: 300px) 100vw, 300px\" \/><\/figure><div class=\"wp-block-media-text__content\">\n<p>Il a fait des \u00e9tudes\u00a0en\u00a0finances et informatique de gestion \u00e0 l\u2019universit\u00e9 Paris Dauphine.\u00a0\u00a0<\/p>\n\n\n\n<p>Et a fait par la suite une carri\u00e8re professionnelle \u00e0 Paris en finance, \u00e0 la Bourse de Paris, puis dans l\u2019industrie&nbsp;agro alimentaire, puis t\u00e9l\u00e9coms, et sant\u00e9 publique.&nbsp;<\/p>\n\n\n\n<p>En\u00a02008,\u00a0il arrive au Maroc\u00a0pour rejoindre le Groupe Aluminium du Maroc dont\u00a0il est\u00a0actuellement le Directeur G\u00e9n\u00e9ral D\u00e9l\u00e9gu\u00e9\u00a0<\/p>\n<\/div><\/div>\n","protected":false},"excerpt":{"rendered":"<p>Il a fait des \u00e9tudes\u00a0en\u00a0finances et informatique de gestion \u00e0 l\u2019universit\u00e9 Paris Dauphine.\u00a0\u00a0 Et a fait par la suite une carri\u00e8re professionnelle \u00e0 Paris en finance, \u00e0 la Bourse de Paris, puis dans l\u2019industrie&nbsp;agro alimentaire, puis t\u00e9l\u00e9coms, et sant\u00e9 publique.&nbsp; En\u00a02008,\u00a0il arrive au Maroc\u00a0pour rejoindre le Groupe Aluminium du Maroc dont\u00a0il est\u00a0actuellement le Directeur G\u00e9n\u00e9ral [&hellip;]<\/p>\n","protected":false},"author":12,"featured_media":0,"parent":0,"menu_order":0,"comment_status":"closed","ping_status":"closed","template":"","meta":{"_acf_changed":false,"footnotes":""},"class_list":["post-2497","page","type-page","status-publish","hentry"],"acf":[],"_links":{"self":[{"href":"https:\/\/if-maroc.org\/tanger\/wp-json\/wp\/v2\/pages\/2497","targetHints":{"allow":["GET"]}}],"collection":[{"href":"https:\/\/if-maroc.org\/tanger\/wp-json\/wp\/v2\/pages"}],"about":[{"href":"https:\/\/if-maroc.org\/tanger\/wp-json\/wp\/v2\/types\/page"}],"author":[{"embeddable":true,"href":"https:\/\/if-maroc.org\/tanger\/wp-json\/wp\/v2\/users\/12"}],"replies":[{"embeddable":true,"href":"https:\/\/if-maroc.org\/tanger\/wp-json\/wp\/v2\/comments?post=2497"}],"version-history":[{"count":2,"href":"https:\/\/if-maroc.org\/tanger\/wp-json\/wp\/v2\/pages\/2497\/revisions"}],"predecessor-version":[{"id":2584,"href":"https:\/\/if-maroc.org\/tanger\/wp-json\/wp\/v2\/pages\/2497\/revisions\/2584"}],"wp:attachment":[{"href":"https:\/\/if-maroc.org\/tanger\/wp-json\/wp\/v2\/media?parent=2497"}],"curies":[{"name":"wp","href":"https:\/\/api.w.org\/{rel}","templated":true}]}}