{"id":2616,"date":"2021-11-04T17:30:22","date_gmt":"2021-11-04T16:30:22","guid":{"rendered":"https:\/\/if-maroc.org\/tanger\/?page_id=2616"},"modified":"2021-11-04T17:30:23","modified_gmt":"2021-11-04T16:30:23","slug":"sanae-el-kamoun","status":"publish","type":"page","link":"https:\/\/if-maroc.org\/tanger\/sanae-el-kamoun\/","title":{"rendered":"Sanae EL KAMOUN"},"content":{"rendered":"\n<div class=\"wp-block-media-text alignwide is-stacked-on-mobile\"><figure class=\"wp-block-media-text__media\"><img loading=\"lazy\" decoding=\"async\" width=\"300\" height=\"300\" src=\"https:\/\/if-maroc.org\/tanger\/wp-content\/uploads\/sites\/12\/2021\/11\/Invite-13-Nov-12-03-1-03-300x300.jpg\" alt=\"\" class=\"wp-image-2617 size-medium\" srcset=\"https:\/\/if-maroc.org\/tanger\/wp-content\/uploads\/sites\/12\/2021\/11\/Invite-13-Nov-12-03-1-03-300x300.jpg 300w, https:\/\/if-maroc.org\/tanger\/wp-content\/uploads\/sites\/12\/2021\/11\/Invite-13-Nov-12-03-1-03-150x150.jpg 150w, https:\/\/if-maroc.org\/tanger\/wp-content\/uploads\/sites\/12\/2021\/11\/Invite-13-Nov-12-03-1-03.jpg 591w\" sizes=\"auto, (max-width: 300px) 100vw, 300px\" \/><\/figure><div class=\"wp-block-media-text__content\">\n<p class=\"has-large-font-size\">Apr\u00e8s une ma\u00eetrise de droit \u00e0 l\u2019Universit\u00e9 Abdelmalek\u00a0Ess\u00e2adi\u00a0\u00e0 Tanger, une maitrise en management culturel et un DESS en action artistique, politique culturelle et mus\u00e9ologie \u00e0 l\u2019IUP Denis Diderot \u00e0 Dijon (Universit\u00e9 de Bourgogne), elle retourne au Maroc et occupe le poste de responsable d\u2019action culturelle \u00e0 l\u2019Institut fran\u00e7ais de Tanger pendant cinq ans. C&rsquo;est en 2002 qu&rsquo;elle cr\u00e9e avec Aur\u00e9lien\u00a0Bory\u00a0le Groupe acrobatique de Tanger, elle accompagne ainsi la cr\u00e9ation de ses quatre spectacles : TAOUB de Aur\u00e9lien\u00a0Bory\u00a0(2003), Chouf\u00a0Ouchouf\u00a0de\u00a0Zimermmman\u00a0& de Perrot (2009), AZIMUT de Aur\u00e9lien\u00a0Bory\u00a0(2013) et HALKA, cr\u00e9ation collective (2016).D\u00e9s 2007, elle fonde l&rsquo;association Sc\u00e8nes du Maroc \u00e0 Tanger et en 2015, l\u2019association HALKA \u00e0 Paris avec ses deux collaborateurs Jean-Fran\u00e7ois\u00a0Pyka\u00a0et Pauline\u00a0Horteur.Aujourd\u2019hui, elle vit \u00e0 Tanger et milite \u00e0 travers son action pour am\u00e9liorer la condition des artistes marocains et ancrer les pratiques circassiennes au Maroc en portant une attention particuli\u00e8re \u00e0 la valorisation de l\u2019acrobatie marocaine\u00a0<br>\u00a0<\/p>\n<\/div><\/div>\n","protected":false},"excerpt":{"rendered":"<p>Apr\u00e8s une ma\u00eetrise de droit \u00e0 l\u2019Universit\u00e9 Abdelmalek\u00a0Ess\u00e2adi\u00a0\u00e0 Tanger, une maitrise en management culturel et un DESS en action artistique, politique culturelle et mus\u00e9ologie \u00e0 l\u2019IUP Denis Diderot \u00e0 Dijon (Universit\u00e9 de Bourgogne), elle retourne au Maroc et occupe le poste de responsable d\u2019action culturelle \u00e0 l\u2019Institut fran\u00e7ais de Tanger pendant cinq ans. C&rsquo;est en [&hellip;]<\/p>\n","protected":false},"author":12,"featured_media":0,"parent":0,"menu_order":0,"comment_status":"closed","ping_status":"closed","template":"","meta":{"_acf_changed":false,"footnotes":""},"class_list":["post-2616","page","type-page","status-publish","hentry"],"acf":[],"_links":{"self":[{"href":"https:\/\/if-maroc.org\/tanger\/wp-json\/wp\/v2\/pages\/2616","targetHints":{"allow":["GET"]}}],"collection":[{"href":"https:\/\/if-maroc.org\/tanger\/wp-json\/wp\/v2\/pages"}],"about":[{"href":"https:\/\/if-maroc.org\/tanger\/wp-json\/wp\/v2\/types\/page"}],"author":[{"embeddable":true,"href":"https:\/\/if-maroc.org\/tanger\/wp-json\/wp\/v2\/users\/12"}],"replies":[{"embeddable":true,"href":"https:\/\/if-maroc.org\/tanger\/wp-json\/wp\/v2\/comments?post=2616"}],"version-history":[{"count":1,"href":"https:\/\/if-maroc.org\/tanger\/wp-json\/wp\/v2\/pages\/2616\/revisions"}],"predecessor-version":[{"id":2619,"href":"https:\/\/if-maroc.org\/tanger\/wp-json\/wp\/v2\/pages\/2616\/revisions\/2619"}],"wp:attachment":[{"href":"https:\/\/if-maroc.org\/tanger\/wp-json\/wp\/v2\/media?parent=2616"}],"curies":[{"name":"wp","href":"https:\/\/api.w.org\/{rel}","templated":true}]}}